git of 5673?
5
What is the ten thousands digit of 35590?
3
What is the units digit of 8605?
5
What is the thousands digit of 22705?
2
What is the thousands digit of 3105?
3
What is the hundreds digit of 38283?
2
What is the units digit of 11511?
1
What is the units digit of 5704?
4
What is the ten thousands digit of 14263?
1
What is the tens digit of 21117?
1
What is the hundreds digit of 64320?
3
What is the hundreds digit of 5148?
1
What is the ten thousands digit of 159590?
5
What is the ten thousands digit of 165961?
6
What is the hundreds digit of 3806?
8
What is the units digit of 1120?
0
What is the tens digit of 5389?
8
What is the hundreds digit of 267?
2
What is the thousands digit of 14797?
4
What is the units digit of 784?
4
What is the hundreds digit of 1931?
9
What is the ten thousands digit of 47244?
4
What is the hundreds digit of 378?
3
What is the ten thousands digit of 29134?
2
What is the hundreds digit of 617?
6
What is the hundreds digit of 120?
1
What is the hundreds digit of 3708?
7
What is the tens digit of 6463?
6
What is the hundred thousands digit of 174915?
1
What is the tens digit of 1517?
1
What is the units digit of 13203?
3
What is the tens digit of 1949?
4
What is the thousands digit of 6270?
6
What is the units digit of 4183?
3
What is the thousands digit of 33494?
3
What is the thousands digit of 12779?
2
What is the hundreds digit of 4308?
3
What is the units digit of 465?
5
What is the thousands digit of 19697?
9
What is the hundreds digit of 425?
4
What is the units digit of 979?
9
What is the hundreds digit of 606?
6
What is the hundreds digit of 969?
9
What is the hundreds digit of 2357?
3
What is the tens digit of 18669?
6
What is the tens digit of 758?
5
What is the hundreds digit of 32676?
6
What is the tens digit of 77407?
0
What is the hundreds digit of 6277?
2
What is the ten thousands digit of 35716?
3
What is the hundred thousands digit of 122433?
1
What is the ten thousands digit of 29317?
2
What is the hundreds digit of 1956?
9
What is the hundreds digit of 32789?
7
What is the hundreds digit of 1687?
6
What is the hundreds digit of 694?
6
What is the hundreds digit of 961?
9
What is the hundreds digit of 9670?
6
What is the thousands digit of 3877?
3
What is the hundred thousands digit of 152612?
1
What is the tens digit of 1648?
4
What is the hundreds digit of 4463?
4
What is the thousands digit of 4928?
4
What is the units digit of 5657?
7
What is the thousands digit of 1563?
1
What is the thousands digit of 2759?
2
What is the tens digit of 11233?
3
What is the hundreds digit of 1730?
7
What is the tens digit of 10805?
0
What is the hundreds digit of 3915?
9
What is the tens digit of 1777?
7
What is the units digit of 43434?
4
What is the hundreds digit of 714?
7
What is the units digit of 784?
4
What is the hundreds digit of 120985?
9
What is the ten thousands digit of 19156?
1
What is the units digit of 1241?
1
What is the hundreds digit of 20630?
6
What is the tens digit of 1978?
7
What is the units digit of 7398?
8
What is the ten thousands digit of 40678?
4
What is the thousands digit of 7977?
7
What is the hundreds digit of 7251?
2
What is the hundreds digit of 1681?
6
What is the thousands digit of 55956?
5
What is the tens digit of 8387?
8
What is the hundreds digit of 644?
6
What is the hundreds digit of 613?
6
What is the hundreds digit of 21283?
2
What is the ten thousands digit of 14779?
1
What is the tens digit of 41960?
6
What is the hundreds digit of 41836?
8
What is the units digit of 400?
0
What is the tens digit of 641?
4
What is the tens digit of 41739?
3
What is the hundreds digit of 19104?
1
What is the units digit of 21340?
0
What is the tens digit of 8828?
2
What is the units digit of 134?
4
What is the thousands digit of 2267?
2
What is the thousands digit of 1862?
1
What is the tens digit of 92533?
3
What is the ten thousands digit of 120748?
2
What is the units digit of 125132?
2
What is the units digit of 179?
9
What is the units digit of 156?
6
What is the hundreds digit of 135898?
8
What is the thousands digit of 1304?
1
What is the tens digit of 28429?
2
What is the hundreds digit of 93189?
1
What is the tens digit of 2533?
3
What is the tens digit of 9215?
1
What is the hundreds digit of 11145?
1
What is the thousands digit of 52165?
2
What is the units digit of 4181?
1
What is the tens digit of 665?
6
What is the tens digit of 3450?
5
What is the hundreds digit of 8849?
8
What is the hundreds digit of 143301?
3
What is the hundreds digit of 2821?
8
What is the units digit of 7789?
9
What is the units digit of 106?
6
What is the hundreds digit of 19110?
1
What is the ten thousands digit of 22973?
2
What is the tens digit of 121655?
5
What is the tens digit of 30409?
0
What is the hundreds digit of 5132?
1
What is the units digit of 13728?
8
What is the tens digit of 1164?
6
What is the hundreds digit of 2489?
4
What is the units digit of 168654?
4
What is the hundreds digit of 974?
9
What is the tens digit of 6388?
8
What is the hundreds digit of 1643?
6
What is the tens digit of 54823?
2
What is the units digit of 40895?
5
What is the ten thousands digit of 23363?
2
What is the hundreds digit of 149777?
7
What is the thousands digit of 47641?
7
What is the thousands digit of 18405?
8
What is the hundreds digit of 2202?
2
What is the thousands digit of 4256?
4
What is the hundreds digit of 777?
7
What is the hundreds digit of 124277?
2
What is the units digit of 144?
4
What is the thousands digit of 5946?
5
What is the hundreds digit of 1461?
4
What is the units digit of 1760?
0
What is the ten thousands digit of 50296?
5
What is the hundreds digit of 662?
6
What is the tens digit of 81738?
3
What is the hundreds digit of 5032?
0
What is the units digit of 7453?
3
What is the ten thousands digit of 10626?
1
What is the hundreds digit of 7267?
2
What is the tens digit of 9083?
8
What is the thousands digit of 12737?
2
What is the thousands digit of 77943?
7
What is the thousands digit of 6365?
6
What is the units digit of 976?
6
What is the tens digit of 1386?
8
What is the tens digit of 2114?
1
What is the hundreds digit of 7987?
9
What is the thousands digit of 73241?
3
What is the units digit of 847?
7
What is the units digit of 1000?
0
What is the units digit of 2674?
4
What is the hundreds digit of 12446?
4
What is the hundreds digit of 62972?
9
What is the thousands digit of 44546?
4
What is the hundreds digit of 136?
1
What is the units digit of 31677?
7
What is the tens digit of 68?
6
What is the ten thousands digit of 15976?
1
What is the units digit of 2965?
5
What is the units digit of 246?
6
What is the tens digit of 1140?
4
What is the units digit of 2203?
3
What is the ten thousands digit of 83003?
8
What is the tens digit of 74550?
5
What is the hundreds digit of 334?
3
What is the thousands digit of 23975?
3
What is the thousands digit of 80293?
0
What is the thousands digit of 95713?
5
What is the units digit of 38718?
8
What is the hundreds digit of 2296?
2
What is the tens digit of 857?
5
What is the units digit of 49831?
1
What is the tens digit of 1696?
9
What is the hundreds digit of 876?
8
What is the units digit of 714?
4
What is the thousands digit of 23519?
3
What is the tens digit of 122?
2
What is the tens digit of 28762?
6
What is the tens digit of 5214?
1
What is the thousands digit of 133793?
3
What is the thousands digit of 11937?
1
What is the tens digit of 161?
6
What is the thousands digit of 31043?
1
What is the hundreds digit of 21213?
2
What is the thousands digit of 4974?
4
What is the units digit of 4042?
2
What is the hundreds digit of 6936?
9
What is the thousands digit of 1013?
1
What is the tens digit of 8444?
4
What is the units digit of 4280?
0
What is the hundreds digit of 928?
9
What is the units digit of 4107?
7
What is the thousands digit of 17187?
7
What is the tens digit of 7178?
7
What is the thousands digit of 7725?
7
What is the units digit of 47?
7
What is the hundreds digit of 1780?
7
What is the hundreds digit of 4252?
2
What is the units digit of 4288?
8
What is the hundreds digit of 24048?
0
What is the thousands digit of 2591?
2
What is the hundreds digit of 20448?
4
What is the hundreds digit o